-5). Calculate the greatest common factor of w and g.
15
Let n(i) = i**3 + 8*i**2 + 6*i - 3. Let q be n(-7). Suppose 0*c = 3*c + 5*f - 14, 2*f = -q. Calculate the greatest common divisor of c and 16.
8
Suppose -184 = -r - 3*r. Suppose r = 3*b + 7. What is the highest common divisor of b and 26?
13
Suppose 0 = -5*t + t - j + 437, -235 = -2*t + 5*j. What is the highest common factor of 10 and t?
10
Let h be (224/112)/(2/7). Let b = 17 + -10. Calculate the greatest common factor of b and h.
7
Let m be -3 + (3/3 - -2). Suppose -5*h + 20 = m, b + 2 = h + 6. Calculate the highest common divisor of b and 88.
8
Let f be 20/(-15)*(-2 - 1). Suppose -f*y + 337 = -23. Calculate the highest common factor of y and 10.
10
Let g(s) be the second derivative of -53*s**3/3 - 3*s**2/2 - s. Let m be g(-2). Suppose -24 + 5 = -x. Calculate the highest common divisor of x and m.
19
Let v be (-4)/10 + 2657/5. What is the highest common divisor of 59 and v?
59
Let t(f) = 2*f**3 - 2*f**2 - f - 2. Let d be t(2). Suppose -3*i = -4*i - 4, -d*k - 5*i + 24 = 0. Calculate the greatest common factor of 77 and k.
11
Let y = -11 + 17. What is the highest common divisor of 18 and y?
6
Suppose -2*c - 45 = 35. Let v be 27/12*c/(-3). Calculate the highest common divisor of v and 12.
6
Suppose 0 = n - 22 - 36. What is the highest common divisor of 145 and n?
29
Suppose 3*n - 18 = 2*n - 3*o, -4*n = -o - 124. Suppose 6*f - 88 - 32 = 0. Calculate the greatest common divisor of f and n.
10
Suppose 0 = f - 3 + 2. Let m be 7*72/28*f. Calculate the greatest common factor of 72 and m.
18
Let y = 32 + -17. Suppose 0 = 2*v + v - y. What is the highest common factor of 30 and v?
5
Suppose 5*y - s - 6 = 9, -y - 2*s = -3. Suppose 4*g = y*g. Suppose g = -2*p + 5*p - 54. What is the highest common factor of p and 27?
9
Let l(s) = -s**2 + 21*s - 5. Let g be l(19). Calculate the highest common divisor of g and 55.
11
Suppose -2*x = -5*k - 105, -4*k = x - 15 - 5. What is the highest common divisor of x and 100?
20
Let k = -1 + 1. Suppose k = a + a - 16. What is the greatest common factor of a and 88?
8
Let k be -1 + 3 - (-9 - -6). Calculate the highest common divisor of k and 55.
5
Suppose 4*p - 106 = -5*g, -40 = -2*p - 5*g + 18. What is the highest common factor of 3 and p?
3
Let r(l) = l**3 - 14*l**2 - 29*l - 12. Let j be r(16). Calculate the highest common divisor of j and 12.
12
Suppose 0 = -3*p - 430 - 92. Let h = 264 + p. What is the greatest common factor of h and 18?
18
Let o(x) = 68*x + 11. Let v be o(-3). Let k(h) = -h**3 - 2*h**2 + 2*h + 4. Let f be k(-3). Let r = f - v. What is the greatest common divisor of r and 25?
25
Suppose -3*m = -4*l - 215, m - 5*l + 0*l - 90 = 0. Suppose 5*f + m = 3*b, 7*f = b + 3*f - 24. Calculate the highest common divisor of 10 and b.
10
Let d(z) = -6 + 7*z**2 - 12*z - 8*z**2 + 4*z + 1. Let u be d(-4). Suppose 0 = -0*o + o - u. Calculate the highest common divisor of 88 and o.
11
Suppose -3*d - 11 + 41 = 0. Suppose 0 = 3*i + d - 49. Suppose 0 = -4*s + 136 + 176. What is the greatest common factor of s and i?
13
Let c(i) = -i**3 - 9*i**2 - 10*i - 7. Let o be c(-8). Let z = o + 0. What is the highest common factor of 81 and z?
9
Suppose -3 = 3*p, 2 + 5 = u + 3*p. Let x = -22 - -69. Let m = x - 22. Calculate the greatest common divisor of u and m.
5
Suppose 10*r - 12 = 8*r. Suppose -r*k + 2*k = -64. Let f be (-5 - 0)*(-8)/10. What is the greatest common divisor of k and f?
4
Suppose 0 = 5*o - 5*g - 40, 26 = 3*o - 5*g - 6. Calculate the greatest common factor of o and 16.
4
Let u(k) = 6*k**2 - 4*k - 6. Let g be u(-6). Suppose 4*d - q = -d + g, -3*d = -3*q - 138. Let t = 51 + d. What is the greatest common divisor of 14 and t?
14
Let m = 1 - -3. Suppose -c + i - 16 = -2*c, -c - m*i + 28 = 0. What is the highest common divisor of c and 36?
12
Let f(y) = y + 8. Let j be f(-6). Let t(d) = 10*d**2 + 0*d - d**3 - d - 4 + j*d. Let r be t(5). Calculate the highest common factor of r and 21.
21
Suppose -3*h + 40 = 4*i, 5*h = h. Suppose -3*r = 5*y + 9, -4*y - i = -0*r + r. Let m = -36 - -38. What is the highest common divisor of r and m?
2
Let m be 2/2 - (-83 - 0). Let c = 5 - 2. Suppose -3*r = c*h - 36, -20 = -4*r + 2*h + 28. What is the highest common divisor of m and r?
12
Suppose -3*a = -17 - 1. Let d(o) = 5*o + 93. Let n be d(-9). What is the greatest common factor of n and a?
6
Let g be (-4 + 1)*16/(-6). Suppose -5*k + 2 + g = 0. Let b = -3 + 6. What is the highest common divisor of k and b?
1
Suppose -2*m = -2*o - 42, 3*m = 5*o + 2*m + 85. Let y = o - -30. What is the highest common divisor of 7 and y?
7
Let c = 6 - 8. Let g = c - -15. Calculate the greatest common divisor of g and 143.
13
Let v be (0 + -18)*11/(-2). Calculate the greatest common factor of 9 and v.
9
Let r be -2*(-13)/(-2)*-1. Calculate the highest common factor of r and 13.
13
Suppose g - 48 = -3*g. What is the greatest common factor of g and 8?
4
Let p(k) = k**3 + 5*k**2 - 7*k - 8. Let f be p(-6). Let s be (-1)/((-1)/54) - f. What is the greatest common factor of 14 and s?
14
Let c = 20 + -13. What is the highest common factor of c and 63?
7
Suppose -l - 4*l - i = -38, 2*i - 20 = -2*l. Let y(k) = 4*k**2 + 10*k - 13. Let g be y(l). What is the highest common divisor of 23 and g?
23
Suppose -4*l + 236 = -2*l. Suppose -4*x = g - 442, 0*x = -x - 4*g + l. Calculate the greatest common factor of 10 and x.
10
Let d = -250 - -255. Let k be ((-2)/4)/((-1)/30). What is the highest common divisor of d and k?
5
Suppose 0 = 4*v + 544 - 4088. Suppose -5*l + 3*y + v = 0, 5*l - 1086 = -2*y - 210. Calculate the highest common factor of 16 and l.
16
Suppose -4*p - 124 + 348 = 0. Suppose 4*s = -24 - 0. Let w be (p/6)/((-2)/s). What is the greatest common factor of 14 and w?
14
Suppose -6 = -4*r + 2*d, 4*r - 4*d - 4 = 12. Let v be (1 - 22)/(r/3). Calculate the greatest common factor of v and 42.
21
Suppose -5*q + 17 = -4*d, -2*d = 3*d - 10. Let i(w) = -w**3 + 9*w**2 - w - 1. Let c be i(3). What is the greatest common factor of q and c?
5
Let s(k) = 3*k - 1. Let y be s(3). Let j = -8 - -18. Let b = j - -14. Calculate the greatest common divisor of b and y.
8
Suppose -d + 24 = d. Let h be (d/(-5))/(9/(-30)). What is the highest common factor of h and 12?
4
Let b be 7 - (3/(-3) - -3). Suppose 60 = -v + b*v. What is the highest common divisor of 15 and v?
15
Suppose 6*k = 2*k + 40. Let h be (-3 + 58/4)*k. Suppose 2*z + 19 = h. What is the highest common factor of 32 and z?
16
Let s(p) = -p**3 + 10*p**2 + p + 5. Let w be s(10). What is the highest common divisor of w and 105?
15
Suppose 0 = -5*z + 7*z - 66. Let t = -17 + z. What is the highest common factor of 8 and t?
8
Let b(r) = r - 4. Suppose 1 = 5*n - 29. Let g be b(n). Suppose 0*f + 2*f - 5*i = -16, -g*f + 2*i - 4 = 0. Calculate the greatest common divisor of f and 1.
1
Suppose -4*x - 268 = 412. Let z be (-4)/14 - x/7. What is the greatest common factor of 3 and z?
3
Let r be (-16)/(-6)*(16 - 13). What is the greatest common factor of r and 32?
8
Suppose -5*d - 2 + 17 = 0. Let c = 54 + -36. Let h = c + d. Calculate the greatest common factor of 3 and h.
3
Let l be 105/6 - 3/(-6). Suppose l = -2*r - 3*j, 38 = -8*r + 3*r - 4*j. Let g be r/14 + 675/7. What is the greatest common factor of 12 and g?
12
Let i = -12 - -22. Suppose 2*j = -0*j + 100. What is the greatest common divisor of i and j?
10
Let h = 25 + -42. Let u = 28 + h. Suppose -5*d = -398 + 13. What is the highest common divisor of d and u?
11
Let i be (-1)/(2 - (-22)/(-10)). What is the highest common factor of 5 and i?
5
Let p(w) = w**2 + 2*w + 1. Let i(z) = -z**3 + 12*z**2 - z + 6. Let d be i(12). Let n be p(d). Calculate the highest common divisor of n and 50.
25
Let g(u) = -u**3 + 3*u - 2. Let a be g(-3). Let p = 8 - 4. Calculate the greatest common divisor of p and a.
4
Suppose 2*r = -5*q - 10 - 5, 2*r + 13 = -3*q. Let p be -3 + 2 - q*2. Let d be -3 + p - (1 + -19). What is the greatest common factor of d and 32?
16
Let m(y) = 5 + 0*y**2 + 3*y**2 - 3*y**2 + y + y**2. Let z be m(-5). What is the highest common factor of 5 and z?
5
Suppose -2*d = -2*y - y - 311, d - 145 = 5*y. Calculate the highest common divisor of 64 and d.
32
Let v be (0 - 0) + -1 + 5. Let t(f) = 0 + 3 + 2*f - 4 + 2. Let o be t(v). C